{"id":150,"date":"2026-03-29T17:18:12","date_gmt":"2026-03-29T17:18:12","guid":{"rendered":"https:\/\/travelio.com.pl\/index.php\/front_page\/"},"modified":"2026-04-04T13:13:20","modified_gmt":"2026-04-04T13:13:20","slug":"front_page","status":"publish","type":"page","link":"https:\/\/travelio.com.pl\/","title":{"rendered":"Home"},"content":{"rendered":"\n<p><\/p>\n\n\n\n<p class=\"has-text-align-center\">Witamy w biurze podr\u00f3\u017cy <strong>Travelio<\/strong> (strona wy\u0142\u0105cznie na potrzeby projektu szkolnego)<\/p>\n\n\n\n<p>Norwegia to co\u015b wi\u0119cej ni\u017c kierunek podr\u00f3\u017cy. To spektakl natury:<\/p>\n\n\n\n<ul class=\"wp-block-list\">\n<li>majestatyczne fiordy wpisane na list\u0119 UNESCO<\/li>\n\n\n\n<li>zorza polarna ta\u0144cz\u0105ca na nocnym niebie<\/li>\n\n\n\n<li>dzika, nieska\u017cona przyroda<\/li>\n\n\n\n<li>nowoczesne miasta w harmonii z natur\u0105<\/li>\n<\/ul>\n\n\n\n<p>To idealne miejsce zar\u00f3wno dla mi\u0142o\u015bnik\u00f3w przyg\u00f3d, jak i os\u00f3b szukaj\u0105cych spokoju.<\/p>\n","protected":false},"excerpt":{"rendered":"<p>Witamy w biurze podr\u00f3\u017cy Travelio (strona wy\u0142\u0105cznie na potrzeby projektu szkolnego) Norwegia to co\u015b wi\u0119cej ni\u017c kierunek podr\u00f3\u017cy. To spektakl natury: To idealne miejsce zar\u00f3wno dla mi\u0142o\u015bnik\u00f3w przyg\u00f3d, jak i os\u00f3b szukaj\u0105cych spokoju.<\/p>\n","protected":false},"author":1,"featured_media":65,"parent":0,"menu_order":0,"comment_status":"closed","ping_status":"closed","template":"","meta":{"saved_in_kubio":true,"footnotes":""},"class_list":["post-150","page","type-page","status-publish","has-post-thumbnail","hentry"],"kubio_ai_page_context":{"short_desc":"","purpose":"general","isFrontPage":true},"_links":{"self":[{"href":"https:\/\/travelio.com.pl\/index.php\/wp-json\/wp\/v2\/pages\/150","targetHints":{"allow":["GET"]}}],"collection":[{"href":"https:\/\/travelio.com.pl\/index.php\/wp-json\/wp\/v2\/pages"}],"about":[{"href":"https:\/\/travelio.com.pl\/index.php\/wp-json\/wp\/v2\/types\/page"}],"author":[{"embeddable":true,"href":"https:\/\/travelio.com.pl\/index.php\/wp-json\/wp\/v2\/users\/1"}],"replies":[{"embeddable":true,"href":"https:\/\/travelio.com.pl\/index.php\/wp-json\/wp\/v2\/comments?post=150"}],"version-history":[{"count":6,"href":"https:\/\/travelio.com.pl\/index.php\/wp-json\/wp\/v2\/pages\/150\/revisions"}],"predecessor-version":[{"id":223,"href":"https:\/\/travelio.com.pl\/index.php\/wp-json\/wp\/v2\/pages\/150\/revisions\/223"}],"wp:featuredmedia":[{"embeddable":true,"href":"https:\/\/travelio.com.pl\/index.php\/wp-json\/wp\/v2\/media\/65"}],"wp:attachment":[{"href":"https:\/\/travelio.com.pl\/index.php\/wp-json\/wp\/v2\/media?parent=150"}],"curies":[{"name":"wp","href":"https:\/\/api.w.org\/{rel}","templated":true}]}}